 Let l = -29 - p. Calculate the remainder when l is divided by 4.
1
Suppose -17 = -3*p + 526. Calculate the remainder when p is divided by 31.
26
Let q be 2/((-5)/((-10)/1)). Suppose 3*g = q*g - x - 56, -g + 71 = -4*x. Calculate the remainder when (g/1)/((-19)/(-19)) is divided by 13.
12
Suppose 3 = -f + 3*s + 1, f - 23 = -2*s. Calculate the remainder when f is divided by (-44)/(-10) - 6/15.
1
Let n(v) be the second derivative of -v**4/12 - 7*v**3/3 + v**2 + 67*v. Let c = -33 + 19. Calculate the remainder when 3 is divided by n(c).
1
Let x(i) = -i + 25. Suppose 2*b + 1 + 5 = 0. What is the remainder when x(0) is divided by b/(9/2)*(-105)/10?
4
Suppose -2*x - x + 966 = 0. Let r = x + -211. Let q = 189 - r. What is the remainder when q is divided by 27?
24
Let t be 2/(5 + (-27)/6). Suppose s = -z + 32, 5*s + 28 = t*z - 136. What is the remainder when z is divided by 8?
4
Calculate the remainder when 12 - 10 - (86*-1 + 0) is divided by 15.
13
Suppose 5*w = -2*t - 9, 5*t = -2*w - w + 6. Let q = 23 - 14. Suppose q*z - 4*z + 79 = t*n, 4*n = -5*z + 152. What is the remainder when n is divided by 18?
15
Let g(u) = 7*u - 5. Suppose 2*m - 21 + 13 = 0. What is the remainder when g(m) is divided by -2*(-2 - (-9)/(-2))?
10
Calculate the remainder when 846 is divided by 7/(168/136)*6.
30
Suppose -5*m + 0*m = 30. Let d(b) = -17*b - 9. Suppose -191*x + 238*x - 395 - 357 = 0. What is the remainder when d(m) is divided by x?
13
Let y = -14 + 31. Let b be ((-60)/4 + 3)*-12. Suppose u - b = -2*u. What is the remainder when u is divided by y?
14
Let u(d) = 11*d**2 + 11*d - 18. Let o(g) = -5*g**2 - 5*g + 9. Let z(j) = 13*o(j) + 6*u(j). What is the remainder when z(4) is divided by 8?
5
Suppose 4*q - 3 = u, 0 = 2*u + 3*u - q - 23. Suppose 143 = -u*k - 547. Let h = -79 - k. What is the remainder when h is divided by 15?
14
Let z = 56 + -107. Let x = -19 - z. Suppose x = -4*r + 124. What is the remainder when r is divided by 6?
5
Suppose z = 5 + 37. Let p = 25 - z. Let l = p + 31. What is the remainder when 54 is divided by l?
12
Let m = 482 + -397. Calculate the remainder when 760 is divided by m.
80
Let q be (-3 - 12 - 2)*1 - 3. What is the remainder when 45/q*-14*(-6)/(-1) is divided by 32?
29
Let n be 15 - (-3)/(-5 - -4). Suppose -2*s = -46 + n. Suppose -f + q = -0*f - s, 4*q - 16 = -2*f. Calculate the remainder when 41 is divided by f.
13
Let g = -1027 + 1074. Let d = -2 + 12. Calculate the remainder when g is divided by d.
7
Calculate the remainder when ((-2394)/(-70))/((3/(-10))/(-1)) is divided by 23.
22
Suppose 0 = 12*v - 207 - 9. Calculate the remainder when v is divided by 11.
7
Let j = 5 - -130. Calculate the remainder when j is divided by 60.
15
Calculate the remainder when (1182/(-5))/(-6) - 4/10 is divided by 50/4 + (-12)/(-8).
11
What is the remainder when 77 is divided by (-17)/(-102) + 14*22/24?
12
Let d(u) = -u**2 - 18*u - 62. Calculate the remainder when 16 is divided by d(-12).
6
Let b = -1524 - -1637. Calculate the remainder when b is divided by 44.
25
Suppose -4*m = 0, -z + 776 = 3*z + 5*m. Let i = z - 114. Calculate the remainder when i is divided by 21.
17
Let k = 224 - 196. Calculate the remainder when 251 is divided by k.
27
Suppose 4*m + 481 = 5*f, -f + m + 109 = -3*m. Suppose -g = -3*r - 24, 4*g + 4*r - r = 96. What is the remainder when f is divided by g?
21
Let u(y) = -y + 37. Suppose 4*d - 4*a + 0*a = -36, 5*d = -3*a - 5. What is the remainder when u(0) is divided by (2/d)/((-4)/104)?
11
Let w(h) be the first derivative of h**3/3 + 5*h**2 - 6*h + 14. Calculate the remainder when 17 is divided by w(-11).
2
Suppose 5*t = -u + 34, -5*t = -5*u + 8 + 12. What is the remainder when 31 is divided by u?
4
Let f be 1 - (-2 - 2)*1. Let t be (-3 + 4)*(-2 + f). Calculate the remainder when 81 is divided by -28*2*t/(-12).
11
Let d(b) = b**3 + 9*b**2 - 4*b + 4. Let g(w) = w**3 - 4*w**2 - 2*w. Suppose -4*u + 3 = -13. Let z be g(u). What is the remainder when d(z) is divided by 34?
32
Suppose -115 = -5*l + 2*b + b, -2*b - 50 = -2*l. What is the remainder when 1977 is divided by l?
17
Let s = -35 - -84. What is the remainder when s is divided by (-10)/(-2)*(1 - -4)?
24
Suppose 6*y - 13*y = -329. Calculate the remainder when y is divided by 32.
15
Let v be ((-140)/(-12))/((-3)/9). What is the remainder when (v/28)/(2/(-104)) is divided by (-5)/((-15)/69) - 1?
21
Let x(u) = 24 - 13 + 2*u - 37. What is the remainder when (1/1)/((-2)/(-12)) is divided by x(15)?
2
Let g(z) = z**3 - 28*z**2 + 59*z - 131. Calculate the remainder when 74 is divided by g(26).
23
Let l(u) be the third derivative of 0 + 0*u + 7/24*u**4 + 4*u**2 + u**3. What is the remainder when l(8) is divided by 16?
14
Let a(f) = 2*f - 16. Let u be a(10). Let y(q) = -3*q - u + 4*q + 6 - 3. What is the remainder when y(8) is divided by 4?
3
Let i(n) = -3*n - 2. Let l be i(-2). Let d(a) = 22*a**2 + a - 4. What is the remainder when d(-2) is divided by 3/l*(0 + 28)?
19
Let y = -1026 - -1061. What is the remainder when 103 is divided by y?
33
Let c = -44 - -30. Calculate the remainder when (c/4 + 4)*138 is divided by 14.
13
Calculate the remainder when 81 is divided by 4930/(-68)*2/(-5).
23
Let g be (-5 + 17)/((-2)/(-13)). Calculate the remainder when 31 is divided by (143/g)/((-2)/(-12)).
9
Let b be 4/((-16)/(-1020)) - -3. Let l(y) = -y + 6. Let p be l(5). What is the remainder when (p/2)/(3/b) is divided by 15?
13
What is the remainder when 150 is divided by 8*(8 - 39/(-13))?
62
Suppose 0 = 2*z - 9 - 21. Calculate the remainder when ((-2)/(-4) + 182/(-156))*-60 is divided by z.
10
Suppose 12 = 3*q + w, -2*q + 12 = 5*w + 17. Calculate the remainder when 307 is divided by q.
2
Let x = -215 + 492. Calculate the remainder when x is divided by 74.
55
Let l(x) = x**2 - 22*x + 316. Calculate the remainder when l(0) is divided by 16.
12
Suppose -4*m = -5*a + 93 + 22, -5*m - 2*a - 185 = 0. Let g = m + 100. Let o = g + -25. What is the remainder when o is divided by 14?
12
Let w(i) = -i + 10. Let l(r) = r - 11. Let u(b) = -3*l(b) - 4*w(b). Calculate the remainder when 18 is divided by u(11).
2
Let r = 490 + -350. Let y = 70 - 23. Calculate the remainder when r is divided by y.
46
Suppose -7*l + 0*l = -84. Let c = l - -8. What is the remainder when -3 + 1 + (c - 0) is divided by 5?
3
Suppose 4*v - 3*y = -185, 0 = -v - 2*y - 13 - 36. Let w = 7 - v. What is the remainder when w is divided by 19?
16
Let j(z) = z**2 - 12*z + 16. Calculate the remainder when j(13) is divided by (4/3)/((-28)/(-126)).
5
Let p(j) = 5*j - 11. Let u(k) = 2*k**2 - 2*k + 2. Let t be u(2). What is the remainder when p(t) is divided by 5?
4
Calculate the remainder when (0 + 220/50)*55 is divided by 75.
17
Suppose -2*t - t - 3*g = -114, -5*g - 25 = 0. Suppose -30 = -19*w + 17*w + 3*o, 0 = 5*w - o - 75. What is the remainder when t is divided by w?
13
Let p(c) = 13*c - 3. Let u(d) = -20*d + 7 + 2 - 8. What is the remainder when p(5) is divided by u(-1)?
20
Suppose -12*u + 6*u = -42. Let l = -4 - -7. Suppose -l*y = -4 - 11. What is the remainder when u is divided by y?
2
Let m(p) = 14*p**2. Let i be m(-1). Calculate the remainder when 43 is divided by (3 - i)*2/(-2).
10
Calculate the remainder when 55 is divided by (-6)/4 - (-1 - 68/8).
7
Let x(r) = 2*r - 6. Let c be (0 - (-22)/5)/(6/15). Calculate the remainder when 174 is divided by x(c).
14
Suppose 2*k - 132 - 2 = -3*h, 5*k = -25. Calculate the remainder when 90 is divided by h.
42
Suppose -5*k = -4*z - 35, 5*k = k + z + 28. What is the remainder when 4 - k - 1/((-2)/120) is divided by 15?
12
Let j(i) = i**3 + 7*i**2 + 11*i + 20. Calculate the remainder when j(-4) is divided by 9.
6
Let r(v) = v**3 + 62*v**2 + 176*v - 9. Calculate the remainder when 948 is divided by r(-59).
48
Suppose 6*q - 2*q - 269 = z, 0 = -q + 3*z + 70. What is the remainder when 133 is divided by q?
66
Let z = -1607 + 1668. Calculate the remainder when 240 is divided by z.
57
Let b(g) = 11*g**2 + 17*g - 27. What is the remainder when b(4) is divided by 67?
16
Let z = 965 - 891. Calculate the remainder when 357 is divided by z.
61
Suppose -2*p - 3*p + 10 = 0. Suppose 0 = -2*n - p*n + 80. Suppose 0 = 2*j + 3*i - 58, -29 - n = -3*j + 5*i. What is the remainder when 43 is divided by j?
20
What is the remainder when